{"id":16,"date":"2016-10-21T10:27:26","date_gmt":"2016-10-21T08:27:26","guid":{"rendered":"http:\/\/oplegal.pl\/?page_id=16"},"modified":"2016-11-27T12:43:01","modified_gmt":"2016-11-27T11:43:01","slug":"kariera","status":"publish","type":"page","link":"http:\/\/oplegal.pl\/index.php\/kariera\/","title":{"rendered":"Kariera"},"content":{"rendered":"<p>Osoby, kt\u00f3rych specjalizacja i do\u015bwiadczenie zawodowe odpowiadaj\u0105 zakresowi dzia\u0142alno\u015bci Kancelarii, zainteresowane podj\u0119ciem wsp\u00f3\u0142pracy w przyjaznym i do\u015bwiadczonym zespole prawnik\u00f3w, zapraszamy do przesy\u0142ania swoich \u017cyciorys\u00f3w wraz z listami motywacyjnymi na adres: <a href=\"mailto:rekrutacja@oplegal.pl\">rekrutacja@oplegal.pl<\/a><\/p>\n","protected":false},"excerpt":{"rendered":"<p>Osoby, kt\u00f3rych specjalizacja i do\u015bwiadczenie zawodowe odpowiadaj\u0105 zakresowi dzia\u0142alno\u015bci Kancelarii, zainteresowane podj\u0119ciem wsp\u00f3\u0142pracy w przyjaznym i do\u015bwiadczonym zespole prawnik\u00f3w, zapraszamy do przesy\u0142ania swoich \u017cyciorys\u00f3w wraz z listami motywacyjnymi na adres: rekrutacja@oplegal.pl<\/p>\n","protected":false},"author":1,"featured_media":135,"parent":0,"menu_order":0,"comment_status":"closed","ping_status":"closed","template":"template-full-width.php","meta":[],"acf":[],"yoast_head":"<!-- This site is optimized with the Yoast SEO plugin v20.7 - https:\/\/yoast.com\/wordpress\/plugins\/seo\/ -->\n<title>Kariera - OLEJNIK KANCELARIA RADC\u00d3W PRAWNYCH SP\u00d3\u0141KA PARTNERSKA<\/title>\n<meta name=\"robots\" content=\"noindex, follow, max-snippet:-1, max-image-preview:large, max-video-preview:-1\" \/>\n<meta property=\"og:locale\" content=\"pl_PL\" \/>\n<meta property=\"og:type\" content=\"article\" \/>\n<meta property=\"og:title\" content=\"Kariera - OLEJNIK KANCELARIA RADC\u00d3W PRAWNYCH SP\u00d3\u0141KA PARTNERSKA\" \/>\n<meta property=\"og:description\" content=\"Osoby, kt\u00f3rych specjalizacja i do\u015bwiadczenie zawodowe odpowiadaj\u0105 zakresowi dzia\u0142alno\u015bci Kancelarii, zainteresowane podj\u0119ciem wsp\u00f3\u0142pracy w przyjaznym i do\u015bwiadczonym zespole prawnik\u00f3w, zapraszamy do przesy\u0142ania swoich \u017cyciorys\u00f3w wraz z listami motywacyjnymi na adres: rekrutacja@oplegal.pl\" \/>\n<meta property=\"og:url\" content=\"http:\/\/oplegal.pl\/index.php\/kariera\/\" \/>\n<meta property=\"og:site_name\" content=\"OLEJNIK KANCELARIA RADC\u00d3W PRAWNYCH SP\u00d3\u0141KA PARTNERSKA\" \/>\n<meta property=\"article:modified_time\" content=\"2016-11-27T11:43:01+00:00\" \/>\n<meta property=\"og:image\" content=\"http:\/\/oplegal.pl\/wp-content\/uploads\/2016\/10\/OAIJ0H0-1024x683.jpg\" \/>\n\t<meta property=\"og:image:width\" content=\"1024\" \/>\n\t<meta property=\"og:image:height\" content=\"683\" \/>\n\t<meta property=\"og:image:type\" content=\"image\/jpeg\" \/>\n<meta name=\"twitter:card\" content=\"summary_large_image\" \/>\n<script type=\"application\/ld+json\" class=\"yoast-schema-graph\">{\"@context\":\"https:\/\/schema.org\",\"@graph\":[{\"@type\":\"WebPage\",\"@id\":\"http:\/\/oplegal.pl\/index.php\/kariera\/\",\"url\":\"http:\/\/oplegal.pl\/index.php\/kariera\/\",\"name\":\"Kariera - OLEJNIK KANCELARIA RADC\u00d3W PRAWNYCH SP\u00d3\u0141KA PARTNERSKA\",\"isPartOf\":{\"@id\":\"http:\/\/oplegal.pl\/#website\"},\"datePublished\":\"2016-10-21T08:27:26+00:00\",\"dateModified\":\"2016-11-27T11:43:01+00:00\",\"breadcrumb\":{\"@id\":\"http:\/\/oplegal.pl\/index.php\/kariera\/#breadcrumb\"},\"inLanguage\":\"pl-PL\",\"potentialAction\":[{\"@type\":\"ReadAction\",\"target\":[\"http:\/\/oplegal.pl\/index.php\/kariera\/\"]}]},{\"@type\":\"BreadcrumbList\",\"@id\":\"http:\/\/oplegal.pl\/index.php\/kariera\/#breadcrumb\",\"itemListElement\":[{\"@type\":\"ListItem\",\"position\":1,\"name\":\"Strona g\u0142\u00f3wna\",\"item\":\"http:\/\/oplegal.pl\/\"},{\"@type\":\"ListItem\",\"position\":2,\"name\":\"Kariera\"}]},{\"@type\":\"WebSite\",\"@id\":\"http:\/\/oplegal.pl\/#website\",\"url\":\"http:\/\/oplegal.pl\/\",\"name\":\"OLEJNIK KANCELARIA RADC\u00d3W PRAWNYCH SP\u00d3\u0141KA PARTNERSKA\",\"description\":\"Kancelaria prawna Olejnik powsta\u0142a z intencj\u0105 \u015bwiadczenia doradztwa prawnego w konwencji bliskiej i sta\u0142ej wsp\u00f3\u0142pracy z Klientami.\",\"potentialAction\":[{\"@type\":\"SearchAction\",\"target\":{\"@type\":\"EntryPoint\",\"urlTemplate\":\"http:\/\/oplegal.pl\/?s={search_term_string}\"},\"query-input\":\"required name=search_term_string\"}],\"inLanguage\":\"pl-PL\"}]}<\/script>\n<!-- \/ Yoast SEO plugin. -->","yoast_head_json":{"title":"Kariera - OLEJNIK KANCELARIA RADC\u00d3W PRAWNYCH SP\u00d3\u0141KA PARTNERSKA","robots":{"index":"noindex","follow":"follow","max-snippet":"max-snippet:-1","max-image-preview":"max-image-preview:large","max-video-preview":"max-video-preview:-1"},"og_locale":"pl_PL","og_type":"article","og_title":"Kariera - OLEJNIK KANCELARIA RADC\u00d3W PRAWNYCH SP\u00d3\u0141KA PARTNERSKA","og_description":"Osoby, kt\u00f3rych specjalizacja i do\u015bwiadczenie zawodowe odpowiadaj\u0105 zakresowi dzia\u0142alno\u015bci Kancelarii, zainteresowane podj\u0119ciem wsp\u00f3\u0142pracy w przyjaznym i do\u015bwiadczonym zespole prawnik\u00f3w, zapraszamy do przesy\u0142ania swoich \u017cyciorys\u00f3w wraz z listami motywacyjnymi na adres: rekrutacja@oplegal.pl","og_url":"http:\/\/oplegal.pl\/index.php\/kariera\/","og_site_name":"OLEJNIK KANCELARIA RADC\u00d3W PRAWNYCH SP\u00d3\u0141KA PARTNERSKA","article_modified_time":"2016-11-27T11:43:01+00:00","og_image":[{"width":1024,"height":683,"url":"http:\/\/oplegal.pl\/wp-content\/uploads\/2016\/10\/OAIJ0H0-1024x683.jpg","type":"image\/jpeg"}],"twitter_card":"summary_large_image","schema":{"@context":"https:\/\/schema.org","@graph":[{"@type":"WebPage","@id":"http:\/\/oplegal.pl\/index.php\/kariera\/","url":"http:\/\/oplegal.pl\/index.php\/kariera\/","name":"Kariera - OLEJNIK KANCELARIA RADC\u00d3W PRAWNYCH SP\u00d3\u0141KA PARTNERSKA","isPartOf":{"@id":"http:\/\/oplegal.pl\/#website"},"datePublished":"2016-10-21T08:27:26+00:00","dateModified":"2016-11-27T11:43:01+00:00","breadcrumb":{"@id":"http:\/\/oplegal.pl\/index.php\/kariera\/#breadcrumb"},"inLanguage":"pl-PL","potentialAction":[{"@type":"ReadAction","target":["http:\/\/oplegal.pl\/index.php\/kariera\/"]}]},{"@type":"BreadcrumbList","@id":"http:\/\/oplegal.pl\/index.php\/kariera\/#breadcrumb","itemListElement":[{"@type":"ListItem","position":1,"name":"Strona g\u0142\u00f3wna","item":"http:\/\/oplegal.pl\/"},{"@type":"ListItem","position":2,"name":"Kariera"}]},{"@type":"WebSite","@id":"http:\/\/oplegal.pl\/#website","url":"http:\/\/oplegal.pl\/","name":"OLEJNIK KANCELARIA RADC\u00d3W PRAWNYCH SP\u00d3\u0141KA PARTNERSKA","description":"Kancelaria prawna Olejnik powsta\u0142a z intencj\u0105 \u015bwiadczenia doradztwa prawnego w konwencji bliskiej i sta\u0142ej wsp\u00f3\u0142pracy z Klientami.","potentialAction":[{"@type":"SearchAction","target":{"@type":"EntryPoint","urlTemplate":"http:\/\/oplegal.pl\/?s={search_term_string}"},"query-input":"required name=search_term_string"}],"inLanguage":"pl-PL"}]}},"_links":{"self":[{"href":"http:\/\/oplegal.pl\/index.php\/wp-json\/wp\/v2\/pages\/16"}],"collection":[{"href":"http:\/\/oplegal.pl\/index.php\/wp-json\/wp\/v2\/pages"}],"about":[{"href":"http:\/\/oplegal.pl\/index.php\/wp-json\/wp\/v2\/types\/page"}],"author":[{"embeddable":true,"href":"http:\/\/oplegal.pl\/index.php\/wp-json\/wp\/v2\/users\/1"}],"replies":[{"embeddable":true,"href":"http:\/\/oplegal.pl\/index.php\/wp-json\/wp\/v2\/comments?post=16"}],"version-history":[{"count":2,"href":"http:\/\/oplegal.pl\/index.php\/wp-json\/wp\/v2\/pages\/16\/revisions"}],"predecessor-version":[{"id":123,"href":"http:\/\/oplegal.pl\/index.php\/wp-json\/wp\/v2\/pages\/16\/revisions\/123"}],"wp:featuredmedia":[{"embeddable":true,"href":"http:\/\/oplegal.pl\/index.php\/wp-json\/wp\/v2\/media\/135"}],"wp:attachment":[{"href":"http:\/\/oplegal.pl\/index.php\/wp-json\/wp\/v2\/media?parent=16"}],"curies":[{"name":"wp","href":"https:\/\/api.w.org\/{rel}","templated":true}]}}