{"id":149,"date":"2016-11-28T13:02:09","date_gmt":"2016-11-28T12:02:09","guid":{"rendered":"http:\/\/oplegal.pl\/?page_id=149"},"modified":"2016-11-28T13:02:09","modified_gmt":"2016-11-28T12:02:09","slug":"prawo-imigracyjne","status":"publish","type":"page","link":"http:\/\/oplegal.pl\/index.php\/uslugi\/prawo-imigracyjne\/","title":{"rendered":"Prawo imigracyjne"},"content":{"rendered":"<p>&#8211; weryfikacja statusu prawnego cudzoziemc\u00f3w ubiegaj\u0105cych si\u0119 o pobyt i prac\u0119 w Polsce,<br \/>\n&#8211; sporz\u0105dzanie wszelkiego rodzaju dokumentacji i informacji wymaganych przez w\u0142a\u015bciwe organy,<br \/>\n&#8211; reprezentowanie klient\u00f3w w post\u0119powaniach administracyjnych przez organami administracyjnymi<\/p>\n","protected":false},"excerpt":{"rendered":"<p>&#8211; weryfikacja statusu prawnego cudzoziemc\u00f3w ubiegaj\u0105cych si\u0119 o pobyt i prac\u0119 w Polsce, &#8211; sporz\u0105dzanie wszelkiego rodzaju dokumentacji i informacji wymaganych przez w\u0142a\u015bciwe organy, &#8211; reprezentowanie klient\u00f3w w post\u0119powaniach administracyjnych przez organami administracyjnymi<\/p>\n","protected":false},"author":1,"featured_media":31,"parent":33,"menu_order":0,"comment_status":"closed","ping_status":"closed","template":"","meta":[],"acf":[],"yoast_head":"<!-- This site is optimized with the Yoast SEO plugin v20.7 - https:\/\/yoast.com\/wordpress\/plugins\/seo\/ -->\n<title>Prawo imigracyjne - OLEJNIK KANCELARIA RADC\u00d3W PRAWNYCH SP\u00d3\u0141KA PARTNERSKA<\/title>\n<meta name=\"robots\" content=\"noindex, follow, max-snippet:-1, max-image-preview:large, max-video-preview:-1\" \/>\n<meta property=\"og:locale\" content=\"pl_PL\" \/>\n<meta property=\"og:type\" content=\"article\" \/>\n<meta property=\"og:title\" content=\"Prawo imigracyjne - OLEJNIK KANCELARIA RADC\u00d3W PRAWNYCH SP\u00d3\u0141KA PARTNERSKA\" \/>\n<meta property=\"og:description\" content=\"&#8211; weryfikacja statusu prawnego cudzoziemc\u00f3w ubiegaj\u0105cych si\u0119 o pobyt i prac\u0119 w Polsce, &#8211; sporz\u0105dzanie wszelkiego rodzaju dokumentacji i informacji wymaganych przez w\u0142a\u015bciwe organy, &#8211; reprezentowanie klient\u00f3w w post\u0119powaniach administracyjnych przez organami administracyjnymi\" \/>\n<meta property=\"og:url\" content=\"http:\/\/oplegal.pl\/index.php\/uslugi\/prawo-imigracyjne\/\" \/>\n<meta property=\"og:site_name\" content=\"OLEJNIK KANCELARIA RADC\u00d3W PRAWNYCH SP\u00d3\u0141KA PARTNERSKA\" \/>\n<meta property=\"og:image\" content=\"http:\/\/oplegal.pl\/wp-content\/uploads\/2016\/10\/city-panorama-1210045.jpg\" \/>\n\t<meta property=\"og:image:width\" content=\"1936\" \/>\n\t<meta property=\"og:image:height\" content=\"1296\" \/>\n\t<meta property=\"og:image:type\" content=\"image\/jpeg\" \/>\n<meta name=\"twitter:card\" content=\"summary_large_image\" \/>\n<script type=\"application\/ld+json\" class=\"yoast-schema-graph\">{\"@context\":\"https:\/\/schema.org\",\"@graph\":[{\"@type\":\"WebPage\",\"@id\":\"http:\/\/oplegal.pl\/index.php\/uslugi\/prawo-imigracyjne\/\",\"url\":\"http:\/\/oplegal.pl\/index.php\/uslugi\/prawo-imigracyjne\/\",\"name\":\"Prawo imigracyjne - OLEJNIK KANCELARIA RADC\u00d3W PRAWNYCH SP\u00d3\u0141KA PARTNERSKA\",\"isPartOf\":{\"@id\":\"http:\/\/oplegal.pl\/#website\"},\"datePublished\":\"2016-11-28T12:02:09+00:00\",\"dateModified\":\"2016-11-28T12:02:09+00:00\",\"breadcrumb\":{\"@id\":\"http:\/\/oplegal.pl\/index.php\/uslugi\/prawo-imigracyjne\/#breadcrumb\"},\"inLanguage\":\"pl-PL\",\"potentialAction\":[{\"@type\":\"ReadAction\",\"target\":[\"http:\/\/oplegal.pl\/index.php\/uslugi\/prawo-imigracyjne\/\"]}]},{\"@type\":\"BreadcrumbList\",\"@id\":\"http:\/\/oplegal.pl\/index.php\/uslugi\/prawo-imigracyjne\/#breadcrumb\",\"itemListElement\":[{\"@type\":\"ListItem\",\"position\":1,\"name\":\"Strona g\u0142\u00f3wna\",\"item\":\"http:\/\/oplegal.pl\/\"},{\"@type\":\"ListItem\",\"position\":2,\"name\":\"Us\u0142ugi\",\"item\":\"http:\/\/oplegal.pl\/index.php\/uslugi\/\"},{\"@type\":\"ListItem\",\"position\":3,\"name\":\"Prawo imigracyjne\"}]},{\"@type\":\"WebSite\",\"@id\":\"http:\/\/oplegal.pl\/#website\",\"url\":\"http:\/\/oplegal.pl\/\",\"name\":\"OLEJNIK KANCELARIA RADC\u00d3W PRAWNYCH SP\u00d3\u0141KA PARTNERSKA\",\"description\":\"Kancelaria prawna Olejnik powsta\u0142a z intencj\u0105 \u015bwiadczenia doradztwa prawnego w konwencji bliskiej i sta\u0142ej wsp\u00f3\u0142pracy z Klientami.\",\"potentialAction\":[{\"@type\":\"SearchAction\",\"target\":{\"@type\":\"EntryPoint\",\"urlTemplate\":\"http:\/\/oplegal.pl\/?s={search_term_string}\"},\"query-input\":\"required name=search_term_string\"}],\"inLanguage\":\"pl-PL\"}]}<\/script>\n<!-- \/ Yoast SEO plugin. -->","yoast_head_json":{"title":"Prawo imigracyjne - OLEJNIK KANCELARIA RADC\u00d3W PRAWNYCH SP\u00d3\u0141KA PARTNERSKA","robots":{"index":"noindex","follow":"follow","max-snippet":"max-snippet:-1","max-image-preview":"max-image-preview:large","max-video-preview":"max-video-preview:-1"},"og_locale":"pl_PL","og_type":"article","og_title":"Prawo imigracyjne - OLEJNIK KANCELARIA RADC\u00d3W PRAWNYCH SP\u00d3\u0141KA PARTNERSKA","og_description":"&#8211; weryfikacja statusu prawnego cudzoziemc\u00f3w ubiegaj\u0105cych si\u0119 o pobyt i prac\u0119 w Polsce, &#8211; sporz\u0105dzanie wszelkiego rodzaju dokumentacji i informacji wymaganych przez w\u0142a\u015bciwe organy, &#8211; reprezentowanie klient\u00f3w w post\u0119powaniach administracyjnych przez organami administracyjnymi","og_url":"http:\/\/oplegal.pl\/index.php\/uslugi\/prawo-imigracyjne\/","og_site_name":"OLEJNIK KANCELARIA RADC\u00d3W PRAWNYCH SP\u00d3\u0141KA PARTNERSKA","og_image":[{"width":1936,"height":1296,"url":"http:\/\/oplegal.pl\/wp-content\/uploads\/2016\/10\/city-panorama-1210045.jpg","type":"image\/jpeg"}],"twitter_card":"summary_large_image","schema":{"@context":"https:\/\/schema.org","@graph":[{"@type":"WebPage","@id":"http:\/\/oplegal.pl\/index.php\/uslugi\/prawo-imigracyjne\/","url":"http:\/\/oplegal.pl\/index.php\/uslugi\/prawo-imigracyjne\/","name":"Prawo imigracyjne - OLEJNIK KANCELARIA RADC\u00d3W PRAWNYCH SP\u00d3\u0141KA PARTNERSKA","isPartOf":{"@id":"http:\/\/oplegal.pl\/#website"},"datePublished":"2016-11-28T12:02:09+00:00","dateModified":"2016-11-28T12:02:09+00:00","breadcrumb":{"@id":"http:\/\/oplegal.pl\/index.php\/uslugi\/prawo-imigracyjne\/#breadcrumb"},"inLanguage":"pl-PL","potentialAction":[{"@type":"ReadAction","target":["http:\/\/oplegal.pl\/index.php\/uslugi\/prawo-imigracyjne\/"]}]},{"@type":"BreadcrumbList","@id":"http:\/\/oplegal.pl\/index.php\/uslugi\/prawo-imigracyjne\/#breadcrumb","itemListElement":[{"@type":"ListItem","position":1,"name":"Strona g\u0142\u00f3wna","item":"http:\/\/oplegal.pl\/"},{"@type":"ListItem","position":2,"name":"Us\u0142ugi","item":"http:\/\/oplegal.pl\/index.php\/uslugi\/"},{"@type":"ListItem","position":3,"name":"Prawo imigracyjne"}]},{"@type":"WebSite","@id":"http:\/\/oplegal.pl\/#website","url":"http:\/\/oplegal.pl\/","name":"OLEJNIK KANCELARIA RADC\u00d3W PRAWNYCH SP\u00d3\u0141KA PARTNERSKA","description":"Kancelaria prawna Olejnik powsta\u0142a z intencj\u0105 \u015bwiadczenia doradztwa prawnego w konwencji bliskiej i sta\u0142ej wsp\u00f3\u0142pracy z Klientami.","potentialAction":[{"@type":"SearchAction","target":{"@type":"EntryPoint","urlTemplate":"http:\/\/oplegal.pl\/?s={search_term_string}"},"query-input":"required name=search_term_string"}],"inLanguage":"pl-PL"}]}},"_links":{"self":[{"href":"http:\/\/oplegal.pl\/index.php\/wp-json\/wp\/v2\/pages\/149"}],"collection":[{"href":"http:\/\/oplegal.pl\/index.php\/wp-json\/wp\/v2\/pages"}],"about":[{"href":"http:\/\/oplegal.pl\/index.php\/wp-json\/wp\/v2\/types\/page"}],"author":[{"embeddable":true,"href":"http:\/\/oplegal.pl\/index.php\/wp-json\/wp\/v2\/users\/1"}],"replies":[{"embeddable":true,"href":"http:\/\/oplegal.pl\/index.php\/wp-json\/wp\/v2\/comments?post=149"}],"version-history":[{"count":1,"href":"http:\/\/oplegal.pl\/index.php\/wp-json\/wp\/v2\/pages\/149\/revisions"}],"predecessor-version":[{"id":150,"href":"http:\/\/oplegal.pl\/index.php\/wp-json\/wp\/v2\/pages\/149\/revisions\/150"}],"up":[{"embeddable":true,"href":"http:\/\/oplegal.pl\/index.php\/wp-json\/wp\/v2\/pages\/33"}],"wp:featuredmedia":[{"embeddable":true,"href":"http:\/\/oplegal.pl\/index.php\/wp-json\/wp\/v2\/media\/31"}],"wp:attachment":[{"href":"http:\/\/oplegal.pl\/index.php\/wp-json\/wp\/v2\/media?parent=149"}],"curies":[{"name":"wp","href":"https:\/\/api.w.org\/{rel}","templated":true}]}}